{"id":920,"date":"2017-01-17T16:14:19","date_gmt":"2017-01-17T15:14:19","guid":{"rendered":"http:\/\/salutmental.info\/?page_id=920\/"},"modified":"2024-03-14T10:39:51","modified_gmt":"2024-03-14T09:39:51","slug":"trastorns-mentals","status":"publish","type":"page","link":"https:\/\/salutmental.info\/es\/trastorns-mentals\/","title":{"rendered":"TRASTORNOS MENTALES"},"content":{"rendered":"<p>[et_pb_section fb_built=\u00bb1&#8243; fullwidth=\u00bbon\u00bb custom_padding_last_edited=\u00bbon|desktop\u00bb admin_label=\u00bbSecci\u00f3 men\u00fa CASTELL\u00c0\u00bb _builder_version=\u00bb4.24.2&#8243; background_color=\u00bb#d7282e\u00bb custom_padding_tablet=\u00bb50px|0|50px|0&#8243; custom_padding_phone=\u00bb\u00bb transparent_background=\u00bboff\u00bb padding_mobile=\u00bboff\u00bb global_colors_info=\u00bb{}\u00bb theme_builder_area=\u00bbpost_content\u00bb][et_pb_fullwidth_menu menu_id=\u00bb11&#8243; submenu_direction=\u00bbdownwards\u00bb fullwidth_menu=\u00bboff\u00bb logo=\u00bbhttps:\/\/salutmental.info\/wp-content\/uploads\/2024\/02\/logo_aj_negatiu-200.png\u00bb admin_label=\u00bbMen\u00fa CASTELL\u00c0\u00bb _builder_version=\u00bb4.24.2&#8243; background_color=\u00bb#d7282e\u00bb text_orientation=\u00bbright\u00bb background_layout=\u00bbdark\u00bb global_colors_info=\u00bb{}\u00bb theme_builder_area=\u00bbpost_content\u00bb]&nbsp;<br \/>\n[\/et_pb_fullwidth_menu][\/et_pb_section][et_pb_section fb_built=\u00bb1&#8243; admin_label=\u00bbsection\u00bb _builder_version=\u00bb4.16&#8243; global_colors_info=\u00bb{}\u00bb][et_pb_row admin_label=\u00bbrow\u00bb _builder_version=\u00bb4.16&#8243; background_size=\u00bbinitial\u00bb background_position=\u00bbtop_left\u00bb background_repeat=\u00bbrepeat\u00bb global_colors_info=\u00bb{}\u00bb][et_pb_column type=\u00bb4_4&#8243; _builder_version=\u00bb4.16&#8243; custom_padding=\u00bb|||\u00bb global_colors_info=\u00bb{}\u00bb custom_padding__hover=\u00bb|||\u00bb][et_pb_post_title meta=\u00bboff\u00bb featured_image=\u00bboff\u00bb admin_label=\u00bbT\u00edtulo de publicaci\u00f3n\u00bb _builder_version=\u00bb4.16&#8243; title_all_caps=\u00bboff\u00bb background_color=\u00bbrgba(255,255,255,0)\u00bb parallax=\u00bbon\u00bb parallax_method=\u00bboff\u00bb parallax_effect=\u00bbon\u00bb module_bg_color=\u00bbrgba(255,255,255,0)\u00bb use_border_color=\u00bboff\u00bb border_color=\u00bb#ffffff\u00bb border_style=\u00bbsolid\u00bb global_colors_info=\u00bb{}\u00bb][\/et_pb_post_title][\/et_pb_column][\/et_pb_row][et_pb_row admin_label=\u00bbFila\u00bb _builder_version=\u00bb4.16&#8243; background_size=\u00bbinitial\u00bb background_position=\u00bbtop_left\u00bb background_repeat=\u00bbrepeat\u00bb global_colors_info=\u00bb{}\u00bb column_structure=\u00bb1_2,1_2&#8243;][et_pb_column type=\u00bb1_2&#8243; _builder_version=\u00bb4.16&#8243; custom_padding=\u00bb|||\u00bb global_colors_info=\u00bb{}\u00bb custom_padding__hover=\u00bb|||\u00bb][et_pb_text admin_label=\u00bbText Els trastorns mentals\u00bb _builder_version=\u00bb4.16&#8243; background_size=\u00bbinitial\u00bb background_position=\u00bbtop_left\u00bb background_repeat=\u00bbrepeat\u00bb use_border_color=\u00bboff\u00bb global_colors_info=\u00bb{}\u00bb]<\/p>\n<h2>Trastornos<\/h2>\n<ul>\n<li><a id=\"spge111\" class=\"node\" title=\"TDAH (trastorn per d\u00e8ficit d\u2019atenci\u00f3 i hiperactivitat)\" href=\"es\/?page_id=310\">TDAH (trastorno por d\u00e9ficit de atenci\u00f3n e hiperactividad)<\/a><\/li>\n<li><a id=\"spge112\" class=\"node\" title=\"TOC (trastorn obsessivocompulsiu)\" href=\"es\/?page_id=312\">TOC (trastorno obsesivo-compulsivo)<\/a><\/li>\n<li><a id=\"spge113\" class=\"node\" title=\"Trastorn bipolar\" href=\"es\/?page_id=306\">Trastorno bipolar<\/a><\/li>\n<li><a id=\"spge114\" class=\"node\" title=\"Trastorn l\u00edmit de personalitat\" href=\"es\/?page_id=386\">Trastorno l\u00edmite de personalidad<\/a><\/li>\n<li><a id=\"spge115\" class=\"node\" title=\"Trastorn per \u00fas problem\u00e0tic de drogues\" href=\"es\/?page_id=388\">Por uso problem\u00e1tico de drogas<\/a><\/li>\n<li><a id=\"spge116\" class=\"node\" title=\"Trastorns de la conducta aliment\u00e0ria\" href=\"es\/?page_id=314\">Trastornos de la conducta alimentaria<\/a><\/li>\n<li><a href=\"https:\/\/salutmental.info\/es\/trastorns-mentals\/esquizofrenia\/\">Esquizofrenia<\/a><\/li>\n<li><a id=\"spge121\" class=\"node\" title=\"Depressi\u00f3\" href=\"es\/?page_id=921\">Depresi\u00f3n<\/a><\/li>\n<li><a id=\"spge121\" class=\"node\" title=\"Psicosis\" href=\"es\/?page_id=303\">Psicosis<\/a><\/li>\n<\/ul>\n<p>[\/et_pb_text][\/et_pb_column][et_pb_column type=\u00bb1_2&#8243; _builder_version=\u00bb4.16&#8243; custom_padding=\u00bb|||\u00bb global_colors_info=\u00bb{}\u00bb custom_padding__hover=\u00bb|||\u00bb][et_pb_text admin_label=\u00bbText Conductes problem\u00e0ticques\u00bb _builder_version=\u00bb4.16&#8243; background_size=\u00bbinitial\u00bb background_position=\u00bbtop_left\u00bb background_repeat=\u00bbrepeat\u00bb text_orientation=\u00bbleft\u00bb use_border_color=\u00bboff\u00bb border_color=\u00bb#ffffff\u00bb border_style=\u00bbsolid\u00bb global_colors_info=\u00bb{}\u00bb]<\/p>\n<h2>Conductas problem\u00e1ticas<\/h2>\n<ul>\n<li><a id=\"spge117\" class=\"node\" title=\"L\u2019ansietat\" href=\"es\/?page_id=316\">Ansiedad<\/a><\/li>\n<li><a id=\"spge118\" class=\"node\" title=\"L\u2019autolesi\u00f3\" href=\"es\/?page_id=390\">Autolesiones<\/a><\/li>\n<li><a id=\"spge110\" class=\"node\" title=\"El su\u00efcidi\" href=\"es\/?page_id=288\">Deseo de suicidarse<\/a><\/li>\n<\/ul>\n<p>[\/et_pb_text][\/et_pb_column][\/et_pb_row][\/et_pb_section][et_pb_section fb_built=\u00bb1&#8243; admin_label=\u00bbSecci\u00f3 PIE P\u00c1GINA castellano\u00bb _builder_version=\u00bb4.24.2&#8243; _module_preset=\u00bbdefault\u00bb background_color=\u00bb#000000&#8243; global_colors_info=\u00bb{}\u00bb theme_builder_area=\u00bbpost_content\u00bb][et_pb_row column_structure=\u00bb1_3,1_3,1_3&#8243; _builder_version=\u00bb4.24.2&#8243; _module_preset=\u00bbdefault\u00bb global_colors_info=\u00bb{}\u00bb theme_builder_area=\u00bbpost_content\u00bb][et_pb_column type=\u00bb1_3&#8243; _builder_version=\u00bb4.24.2&#8243; _module_preset=\u00bbdefault\u00bb global_colors_info=\u00bb{}\u00bb theme_builder_area=\u00bbpost_content\u00bb][et_pb_text _builder_version=\u00bb4.24.2&#8243; _module_preset=\u00bbdefault\u00bb global_colors_info=\u00bb{}\u00bb theme_builder_area=\u00bbpost_content\u00bb]<\/p>\n<div class=\"et_pb_module et_pb_text et_pb_text_8  et_pb_text_align_justified et_pb_bg_layout_light\">\n<div class=\"et_pb_text_inner\">\n<h3 style=\"color: #ffffff;\">Acceso r\u00e1pido<\/h3>\n<p><a style=\"color: #ffffff;\" href=\"https:\/\/salutmental.info\/el-web-i-nosaltres\/contactar\/\">Contacto<\/a><br \/>\n<a style=\"color: #ffffff;\" href=\"https:\/\/www.gramenet.cat\/seu-electronica\/informacio-sobre-la-seu\/avis-legal\/\" target=\"_blank\" rel=\"noopener\" data-insuit-uuid=\"353acac9-b95d-41db-890e-0fe22e36e2f4\">Aviso legal<\/a><br \/>\n<a style=\"color: #ffffff;\" title=\"Protecci\u00f3 de dades\" href=\"https:\/\/www.gramenet.cat\/seu-electronica\/proteccio-de-dades\/\" target=\"_blank\" rel=\"noopener\" data-insuit-uuid=\"f42a28cb-669d-4f92-abed-89a78fb31d26\">Pol\u00edtica de protecci\u00f3n de datos<\/a><br \/>\n<a style=\"color: #ffffff;\" href=\"https:\/\/www.gramenet.cat\/seu-electronica\/accessibilitat\/\" data-insuit-uuid=\"d825170a-0959-415e-bc12-d7ce6a9bb8a2\">Accesibilidad<\/a><\/p>\n<\/div>\n<\/div>\n<div class=\"et_pb_module et_pb_text et_pb_text_9  et_pb_text_align_justified et_pb_bg_layout_light\">\n<div class=\"et_pb_text_inner\"><a style=\"color: #ffffff;\" href=\"https:\/\/salutmental.info\/\">Catal\u00e0<\/a>\u00a0<a tyle=\"color: red\"  href=\"https:\/\/salutmental.info\/es\/\">Castellano<\/a><\/div>\n<\/div>\n<p>[\/et_pb_text][\/et_pb_column][et_pb_column type=\u00bb1_3&#8243; _builder_version=\u00bb4.24.2&#8243; _module_preset=\u00bbdefault\u00bb global_colors_info=\u00bb{}\u00bb theme_builder_area=\u00bbpost_content\u00bb][et_pb_text admin_label=\u00bbTexto e-Redes sociales\u00bb _builder_version=\u00bb4.24.2&#8243; _module_preset=\u00bbdefault\u00bb global_colors_info=\u00bb{}\u00bb theme_builder_area=\u00bbpost_content\u00bb]<\/p>\n<h3 style=\"color: #ffffff;\">e-Redes sociales<\/h3>\n<p><a style=\"color: #ffffff;\" title=\"@scgramenet\" href=\"http:\/\/twitter.com\/scgramenet\" target=\"_blank\" rel=\"noopener\" data-insuit-uuid=\"b3e0d28b-dc44-4f86-8346-4e0365352a49\">Twitter\u00ae<\/a><br \/>\n<a style=\"color: #ffffff;\" title=\"Pasi\u00f3n por Santako\" href=\"https:\/\/www.facebook.com\/PasionPorSantako\/\" target=\"_blank\" rel=\"noopener\" data-insuit-uuid=\"d7d32cfb-104d-49e1-ae1d-661bf056d52f\">Facebook\u00ae<\/a><br \/>\n<a style=\"color: #ffffff;\" href=\"http:\/\/www.slideshare.net\/scgramenet\" target=\"_blank\" rel=\"noopener\" data-insuit-uuid=\"bddc3bcb-dbbc-4022-91ad-8426d5697366\">SlideShare\u00ae<\/a><br \/>\n<a style=\"color: #ffffff;\" href=\"https:\/\/www.youtube.com\/channel\/UC07JH7VJ6nw9OBnxScovrCA\" target=\"_blank\" rel=\"noopener\" data-insuit-uuid=\"77d03fce-5840-489b-9fcd-25a0abf9b0f8\">YouTube\u00ae<\/a><br \/>\n<a style=\"color: #ffffff;\" href=\"https:\/\/www.instagram.com\/pla_salut_gramenet\/\" target=\"_blank\" rel=\"noopener\" data-insuit-uuid=\"f82bba6b-dc9a-4033-9fe9-9c44fe0c6a34\">Instagram\u00ae<\/a><\/p>\n<p>[\/et_pb_text][\/et_pb_column][et_pb_column type=\u00bb1_3&#8243; _builder_version=\u00bb4.24.2&#8243; _module_preset=\u00bbdefault\u00bb global_colors_info=\u00bb{}\u00bb theme_builder_area=\u00bbpost_content\u00bb][et_pb_text admin_label=\u00bbTexto adre\u00e7a Ajuntament\u00bb _builder_version=\u00bb4.24.2&#8243; _module_preset=\u00bbdefault\u00bb global_colors_info=\u00bb{}\u00bb theme_builder_area=\u00bbpost_content\u00bb]<\/p>\n<p style=\"color: #ffffff; text-align: right;\">Ajuntament de Santa Coloma de Gramenet<br \/>Pla\u00e7a de la Vila, 1 &#8211; 08921 Santa Coloma de Gramenet &#8211; Barcelona<br \/>Tel.: 93 462 40 00<br \/>NIF: P0824500C<\/p>\n<p>[\/et_pb_text][\/et_pb_column][\/et_pb_row][\/et_pb_section]<\/p>\n","protected":false},"excerpt":{"rendered":"<p>&nbsp; Trastornos TDAH (trastorno por d\u00e9ficit de atenci\u00f3n e hiperactividad) TOC (trastorno obsesivo-compulsivo) Trastorno bipolar Trastorno l\u00edmite de personalidad Por uso problem\u00e1tico de drogas Trastornos de la conducta alimentaria Esquizofrenia Depresi\u00f3n Psicosis Conductas problem\u00e1ticas Ansiedad Autolesiones Deseo de suicidarse Acceso r\u00e1pido Contacto Aviso legal Pol\u00edtica de protecci\u00f3n de datos Accesibilidad Catal\u00e0\u00a0Castellano e-Redes sociales Twitter\u00ae Facebook\u00ae [&hellip;]<\/p>\n","protected":false},"author":1,"featured_media":0,"parent":0,"menu_order":29,"comment_status":"closed","ping_status":"closed","template":"page-template-blank.php","meta":{"_et_pb_use_builder":"on","_et_pb_old_content":"","_et_gb_content_width":"","footnotes":""},"class_list":["post-920","page","type-page","status-publish","hentry"],"_links":{"self":[{"href":"https:\/\/salutmental.info\/es\/wp-json\/wp\/v2\/pages\/920","targetHints":{"allow":["GET"]}}],"collection":[{"href":"https:\/\/salutmental.info\/es\/wp-json\/wp\/v2\/pages"}],"about":[{"href":"https:\/\/salutmental.info\/es\/wp-json\/wp\/v2\/types\/page"}],"author":[{"embeddable":true,"href":"https:\/\/salutmental.info\/es\/wp-json\/wp\/v2\/users\/1"}],"replies":[{"embeddable":true,"href":"https:\/\/salutmental.info\/es\/wp-json\/wp\/v2\/comments?post=920"}],"version-history":[{"count":8,"href":"https:\/\/salutmental.info\/es\/wp-json\/wp\/v2\/pages\/920\/revisions"}],"predecessor-version":[{"id":6735,"href":"https:\/\/salutmental.info\/es\/wp-json\/wp\/v2\/pages\/920\/revisions\/6735"}],"wp:attachment":[{"href":"https:\/\/salutmental.info\/es\/wp-json\/wp\/v2\/media?parent=920"}],"curies":[{"name":"wp","href":"https:\/\/api.w.org\/{rel}","templated":true}]}}

<p>[et_pb_section fb_built=»1&#8243; fullwidth=»on» custom_padding_last_edited=»on|desktop» admin_label=»Secció menú CASTELLÀ» _builder_version=»4.24.2&#8243; background_color=»#d7282e» custom_padding_tablet=»50px|0|50px|0&#8243; custom_padding_phone=»» transparent_background=»off» padding_mobile=»off» global_colors_info=»{}» theme_builder_area=»post_content»][et_pb_fullwidth_menu menu_id=»11&#8243; submenu_direction=»downwards» fullwidth_menu=»off» logo=»https://salutmental.info/wp-content/uploads/2024/02/logo_aj_negatiu-200.png» admin_label=»Menú CASTELLÀ» _builder_version=»4.24.2&#8243; background_color=»#d7282e» text_orientation=»right» background_layout=»dark» global_colors_info=»{}» theme_builder_area=»post_content»]&nbsp;<br />
[/et_pb_fullwidth_menu][/et_pb_section][et_pb_section fb_built=»1&#8243; admin_label=»section» _builder_version=»4.16&#8243; global_colors_info=»{}»][et_pb_row admin_label=»row» _builder_version=»4.16&#8243; background_size=»initial» background_position=»top_left» background_repeat=»repeat» global_colors_info=»{}»][et_pb_column type=»4_4&#8243; _builder_version=»4.16&#8243; custom_padding=»|||» global_colors_info=»{}» custom_padding__hover=»|||»][et_pb_post_title meta=»off» featured_image=»off» admin_label=»Título de publicación» _builder_version=»4.16&#8243; title_all_caps=»off» background_color=»rgba(255,255,255,0)» parallax=»on» parallax_method=»off» parallax_effect=»on» module_bg_color=»rgba(255,255,255,0)» use_border_color=»off» border_color=»#ffffff» border_style=»solid» global_colors_info=»{}»][/et_pb_post_title][/et_pb_column][/et_pb_row][et_pb_row admin_label=»Fila» _builder_version=»4.16&#8243; background_size=»initial» background_position=»top_left» background_repeat=»repeat» global_colors_info=»{}» column_structure=»1_2,1_2&#8243;][et_pb_column type=»1_2&#8243; _builder_version=»4.16&#8243; custom_padding=»|||» global_colors_info=»{}» custom_padding__hover=»|||»][et_pb_text admin_label=»Text Els trastorns mentals» _builder_version=»4.16&#8243; background_size=»initial» background_position=»top_left» background_repeat=»repeat» use_border_color=»off» global_colors_info=»{}»]</p>
<h2>Trastornos</h2>
<ul>
<li><a id="spge111" class="node" title="TDAH (trastorn per dèficit d’atenció i hiperactivitat)" href="es/?page_id=310">TDAH (trastorno por déficit de atención e hiperactividad)</a></li>
<li><a id="spge112" class="node" title="TOC (trastorn obsessivocompulsiu)" href="es/?page_id=312">TOC (trastorno obsesivo-compulsivo)</a></li>
<li><a id="spge113" class="node" title="Trastorn bipolar" href="es/?page_id=306">Trastorno bipolar</a></li>
<li><a id="spge114" class="node" title="Trastorn límit de personalitat" href="es/?page_id=386">Trastorno límite de personalidad</a></li>
<li><a id="spge115" class="node" title="Trastorn per ús problemàtic de drogues" href="es/?page_id=388">Por uso problemático de drogas</a></li>
<li><a id="spge116" class="node" title="Trastorns de la conducta alimentària" href="es/?page_id=314">Trastornos de la conducta alimentaria</a></li>
<li><a href="https://salutmental.info/es/trastorns-mentals/esquizofrenia/">Esquizofrenia</a></li>
<li><a id="spge121" class="node" title="Depressió" href="es/?page_id=921">Depresión</a></li>
<li><a id="spge121" class="node" title="Psicosis" href="es/?page_id=303">Psicosis</a></li>
</ul>
<p>[/et_pb_text][/et_pb_column][et_pb_column type=»1_2&#8243; _builder_version=»4.16&#8243; custom_padding=»|||» global_colors_info=»{}» custom_padding__hover=»|||»][et_pb_text admin_label=»Text Conductes problemàticques» _builder_version=»4.16&#8243; background_size=»initial» background_position=»top_left» background_repeat=»repeat» text_orientation=»left» use_border_color=»off» border_color=»#ffffff» border_style=»solid» global_colors_info=»{}»]</p>
<h2>Conductas problemáticas</h2>
<ul>
<li><a id="spge117" class="node" title="L’ansietat" href="es/?page_id=316">Ansiedad</a></li>
<li><a id="spge118" class="node" title="L’autolesió" href="es/?page_id=390">Autolesiones</a></li>
<li><a id="spge110" class="node" title="El suïcidi" href="es/?page_id=288">Deseo de suicidarse</a></li>
</ul>
<p>[/et_pb_text][/et_pb_column][/et_pb_row][/et_pb_section][et_pb_section fb_built=»1&#8243; admin_label=»Secció PIE PÁGINA castellano» _builder_version=»4.24.2&#8243; _module_preset=»default» background_color=»#000000&#8243; global_colors_info=»{}» theme_builder_area=»post_content»][et_pb_row column_structure=»1_3,1_3,1_3&#8243; _builder_version=»4.24.2&#8243; _module_preset=»default» global_colors_info=»{}» theme_builder_area=»post_content»][et_pb_column type=»1_3&#8243; _builder_version=»4.24.2&#8243; _module_preset=»default» global_colors_info=»{}» theme_builder_area=»post_content»][et_pb_text _builder_version=»4.24.2&#8243; _module_preset=»default» global_colors_info=»{}» theme_builder_area=»post_content»]</p>
<div class="et_pb_module et_pb_text et_pb_text_8  et_pb_text_align_justified et_pb_bg_layout_light">
<div class="et_pb_text_inner">
<h3 style="color: #ffffff;">Acceso rápido</h3>
<p><a style="color: #ffffff;" href="https://salutmental.info/el-web-i-nosaltres/contactar/">Contacto</a><br />
<a style="color: #ffffff;" href="https://www.gramenet.cat/seu-electronica/informacio-sobre-la-seu/avis-legal/" target="_blank" rel="noopener" data-insuit-uuid="353acac9-b95d-41db-890e-0fe22e36e2f4">Aviso legal</a><br />
<a style="color: #ffffff;" title="Protecció de dades" href="https://www.gramenet.cat/seu-electronica/proteccio-de-dades/" target="_blank" rel="noopener" data-insuit-uuid="f42a28cb-669d-4f92-abed-89a78fb31d26">Política de protección de datos</a><br />
<a style="color: #ffffff;" href="https://www.gramenet.cat/seu-electronica/accessibilitat/" data-insuit-uuid="d825170a-0959-415e-bc12-d7ce6a9bb8a2">Accesibilidad</a></p>
</div>
</div>
<div class="et_pb_module et_pb_text et_pb_text_9  et_pb_text_align_justified et_pb_bg_layout_light">
<div class="et_pb_text_inner"><a style="color: #ffffff;" href="https://salutmental.info/">Català</a> <a tyle="color: red"  href="https://salutmental.info/es/">Castellano</a></div>
</div>
<p>[/et_pb_text][/et_pb_column][et_pb_column type=»1_3&#8243; _builder_version=»4.24.2&#8243; _module_preset=»default» global_colors_info=»{}» theme_builder_area=»post_content»][et_pb_text admin_label=»Texto e-Redes sociales» _builder_version=»4.24.2&#8243; _module_preset=»default» global_colors_info=»{}» theme_builder_area=»post_content»]</p>
<h3 style="color: #ffffff;">e-Redes sociales</h3>
<p><a style="color: #ffffff;" title="@scgramenet" href="http://twitter.com/scgramenet" target="_blank" rel="noopener" data-insuit-uuid="b3e0d28b-dc44-4f86-8346-4e0365352a49">Twitter®</a><br />
<a style="color: #ffffff;" title="Pasión por Santako" href="https://www.facebook.com/PasionPorSantako/" target="_blank" rel="noopener" data-insuit-uuid="d7d32cfb-104d-49e1-ae1d-661bf056d52f">Facebook®</a><br />
<a style="color: #ffffff;" href="http://www.slideshare.net/scgramenet" target="_blank" rel="noopener" data-insuit-uuid="bddc3bcb-dbbc-4022-91ad-8426d5697366">SlideShare®</a><br />
<a style="color: #ffffff;" href="https://www.youtube.com/channel/UC07JH7VJ6nw9OBnxScovrCA" target="_blank" rel="noopener" data-insuit-uuid="77d03fce-5840-489b-9fcd-25a0abf9b0f8">YouTube®</a><br />
<a style="color: #ffffff;" href="https://www.instagram.com/pla_salut_gramenet/" target="_blank" rel="noopener" data-insuit-uuid="f82bba6b-dc9a-4033-9fe9-9c44fe0c6a34">Instagram®</a></p>
<p>[/et_pb_text][/et_pb_column][et_pb_column type=»1_3&#8243; _builder_version=»4.24.2&#8243; _module_preset=»default» global_colors_info=»{}» theme_builder_area=»post_content»][et_pb_text admin_label=»Texto adreça Ajuntament» _builder_version=»4.24.2&#8243; _module_preset=»default» global_colors_info=»{}» theme_builder_area=»post_content»]</p>
<p style="color: #ffffff; text-align: right;">Ajuntament de Santa Coloma de Gramenet<br />Plaça de la Vila, 1 &#8211; 08921 Santa Coloma de Gramenet &#8211; Barcelona<br />Tel.: 93 462 40 00<br />NIF: P0824500C</p>
<p>[/et_pb_text][/et_pb_column][/et_pb_row][/et_pb_section]</p>

<p>&nbsp; Trastornos TDAH (trastorno por déficit de atención e hiperactividad) TOC (trastorno obsesivo-compulsivo) Trastorno bipolar Trastorno límite de personalidad Por uso problemático de drogas Trastornos de la conducta alimentaria Esquizofrenia Depresión Psicosis Conductas problemáticas Ansiedad Autolesiones Deseo de suicidarse Acceso rápido Contacto Aviso legal Política de protección de datos Accesibilidad Català Castellano e-Redes sociales Twitter® Facebook® [&hellip;]</p>
