{"id":870,"date":"2017-01-16T09:49:42","date_gmt":"2017-01-16T08:49:42","guid":{"rendered":"http:\/\/salutmental.info\/?page_id=870\/"},"modified":"2024-03-13T15:04:44","modified_gmt":"2024-03-13T14:04:44","slug":"quan-li-agafa-una-crisi","status":"publish","type":"page","link":"https:\/\/salutmental.info\/es\/familiar\/quan-li-agafa-una-crisi\/","title":{"rendered":"Cuando tiene una crisis"},"content":{"rendered":"<p>[et_pb_section fb_built=\u00bb1&#8243; fullwidth=\u00bbon\u00bb custom_padding_last_edited=\u00bbon|desktop\u00bb admin_label=\u00bbSecci\u00f3 men\u00fa CASTELL\u00c0\u00bb _builder_version=\u00bb4.24.2&#8243; background_color=\u00bb#d7282e\u00bb custom_padding_tablet=\u00bb50px|0|50px|0&#8243; custom_padding_phone=\u00bb\u00bb transparent_background=\u00bboff\u00bb padding_mobile=\u00bboff\u00bb global_colors_info=\u00bb{}\u00bb theme_builder_area=\u00bbpost_content\u00bb][et_pb_fullwidth_menu menu_id=\u00bb11&#8243; submenu_direction=\u00bbdownwards\u00bb fullwidth_menu=\u00bboff\u00bb logo=\u00bbhttps:\/\/salutmental.info\/wp-content\/uploads\/2024\/02\/logo_aj_negatiu-200.png\u00bb admin_label=\u00bbMen\u00fa CASTELL\u00c0\u00bb _builder_version=\u00bb4.24.2&#8243; background_color=\u00bb#d7282e\u00bb text_orientation=\u00bbright\u00bb background_layout=\u00bbdark\u00bb global_colors_info=\u00bb{}\u00bb theme_builder_area=\u00bbpost_content\u00bb]&nbsp;<br \/>\n[\/et_pb_fullwidth_menu][\/et_pb_section][et_pb_section fb_built=\u00bb1&#8243; admin_label=\u00bbsection\u00bb _builder_version=\u00bb4.16&#8243; global_colors_info=\u00bb{}\u00bb][et_pb_row admin_label=\u00bbFila\u00bb _builder_version=\u00bb4.16&#8243; background_size=\u00bbinitial\u00bb background_position=\u00bbtop_left\u00bb background_repeat=\u00bbrepeat\u00bb global_colors_info=\u00bb{}\u00bb column_structure=\u00bb2_3,1_3&#8243;][et_pb_column type=\u00bb2_3&#8243; _builder_version=\u00bb4.16&#8243; custom_padding=\u00bb|||\u00bb global_colors_info=\u00bb{}\u00bb custom_padding__hover=\u00bb|||\u00bb][et_pb_post_title author=\u00bboff\u00bb date=\u00bboff\u00bb featured_image=\u00bboff\u00bb admin_label=\u00bbT\u00edtulo de publicaci\u00f3n\u00bb _builder_version=\u00bb4.16&#8243; title_all_caps=\u00bboff\u00bb background_color=\u00bbrgba(255,255,255,0)\u00bb parallax=\u00bbon\u00bb parallax_method=\u00bboff\u00bb parallax_effect=\u00bbon\u00bb module_bg_color=\u00bbrgba(255,255,255,0)\u00bb use_border_color=\u00bboff\u00bb border_color=\u00bb#ffffff\u00bb border_style=\u00bbsolid\u00bb global_colors_info=\u00bb{}\u00bb] [\/et_pb_post_title][\/et_pb_column][et_pb_column type=\u00bb1_3&#8243; _builder_version=\u00bb4.16&#8243; custom_padding=\u00bb|||\u00bb global_colors_info=\u00bb{}\u00bb custom_padding__hover=\u00bb|||\u00bb][\/et_pb_column][\/et_pb_row][et_pb_row admin_label=\u00bbFila\u00bb _builder_version=\u00bb4.16&#8243; background_size=\u00bbinitial\u00bb background_position=\u00bbtop_left\u00bb background_repeat=\u00bbrepeat\u00bb global_colors_info=\u00bb{}\u00bb column_structure=\u00bb1_2,1_2&#8243;][et_pb_column type=\u00bb1_2&#8243; _builder_version=\u00bb4.16&#8243; custom_padding=\u00bb|||\u00bb global_colors_info=\u00bb{}\u00bb custom_padding__hover=\u00bb|||\u00bb][et_pb_image src=\u00bbhttps:\/\/salutmental.info\/wp-content\/uploads\/2016\/11\/OE9UJ10.jpg\u00bb align_tablet=\u00bbcenter\u00bb align_last_edited=\u00bbon|desktop\u00bb admin_label=\u00bbImagen\u00bb _builder_version=\u00bb4.16&#8243; animation_style=\u00bbslide\u00bb animation_direction=\u00bbleft\u00bb animation_duration=\u00bb500ms\u00bb animation_intensity_slide=\u00bb10%\u00bb use_border_color=\u00bboff\u00bb border_color=\u00bb#ffffff\u00bb border_style=\u00bbsolid\u00bb animation=\u00bbleft\u00bb sticky=\u00bboff\u00bb always_center_on_mobile=\u00bbon\u00bb global_colors_info=\u00bb{}\u00bb align_phone=\u00bbcenter\u00bb] [\/et_pb_image][\/et_pb_column][et_pb_column type=\u00bb1_2&#8243; _builder_version=\u00bb4.16&#8243; custom_padding=\u00bb|||\u00bb global_colors_info=\u00bb{}\u00bb custom_padding__hover=\u00bb|||\u00bb][et_pb_text admin_label=\u00bbTexto\u00bb _builder_version=\u00bb4.16&#8243; background_size=\u00bbinitial\u00bb background_position=\u00bbtop_left\u00bb background_repeat=\u00bbrepeat\u00bb text_orientation=\u00bbleft\u00bb use_border_color=\u00bboff\u00bb border_color=\u00bb#ffffff\u00bb border_style=\u00bbsolid\u00bb global_colors_info=\u00bb{}\u00bb]<span id=\"result_box\" class=\"\" lang=\"es\">Si hemos intentado prevenir que le d\u00e9 una crisis pero, a pesar de todo, no ha sido posible -no se ha podido controlar la escalada de la situaci\u00f3n-, debemos intentar transmitirle que nuestra <span class=\"\">intenci\u00f3n es<\/span> ayudarlo o ayudarla .<\/p>\n<p>Debemos mostrarnos con respeto, utilizando un tono de voz seguro, calmado y neutral.<\/p>\n<p>Podemos ofrecerle medicaci\u00f3n de rescate si se ha pautado <span class=\"\">anteriormente.<\/span> Si no es el caso y hubiera sido \u00fatil tenerla, en la pr\u00f3xima visita lo podemos comentar con la o el especialista para que lo valore.<\/p>\n<p>Se pueden probar t\u00e9cnicas de relajaci\u00f3n que la persona considere <span class=\"\">de utilidad<\/span>, siempre en un entorno que d\u00e9 seguridad y no haya demasiados <span class=\"\">est\u00edmulos.<\/span><\/p>\n<p>Debemos tener una v\u00eda de escape cerca.<\/p>\n<p>Si la situaci\u00f3n de crisis persiste y <span class=\"\">puede suponer un<\/span> riesgo para la persona enferma o para cualquier otra, hay que avisar <span class=\"\">a los servicios<\/span> <span class=\"\">de emergencia<\/span> (061).<\/span><br \/>\n[\/et_pb_text][\/et_pb_column][\/et_pb_row][\/et_pb_section][et_pb_section fb_built=\u00bb1&#8243; admin_label=\u00bbSecci\u00f3 PIE P\u00c1GINA castellano\u00bb _builder_version=\u00bb4.24.2&#8243; _module_preset=\u00bbdefault\u00bb background_color=\u00bb#000000&#8243; global_colors_info=\u00bb{}\u00bb theme_builder_area=\u00bbpost_content\u00bb][et_pb_row column_structure=\u00bb1_3,1_3,1_3&#8243; _builder_version=\u00bb4.24.2&#8243; _module_preset=\u00bbdefault\u00bb global_colors_info=\u00bb{}\u00bb theme_builder_area=\u00bbpost_content\u00bb][et_pb_column type=\u00bb1_3&#8243; _builder_version=\u00bb4.24.2&#8243; _module_preset=\u00bbdefault\u00bb global_colors_info=\u00bb{}\u00bb theme_builder_area=\u00bbpost_content\u00bb][et_pb_text _builder_version=\u00bb4.24.2&#8243; _module_preset=\u00bbdefault\u00bb global_colors_info=\u00bb{}\u00bb theme_builder_area=\u00bbpost_content\u00bb]<\/p>\n<div class=\"et_pb_module et_pb_text et_pb_text_8  et_pb_text_align_justified et_pb_bg_layout_light\">\n<div class=\"et_pb_text_inner\">\n<h3 style=\"color: #ffffff;\">Acceso r\u00e1pido<\/h3>\n<p><a style=\"color: #ffffff;\" href=\"https:\/\/salutmental.info\/el-web-i-nosaltres\/contactar\/\">Contacto<\/a><br \/>\n<a style=\"color: #ffffff;\" href=\"https:\/\/www.gramenet.cat\/seu-electronica\/informacio-sobre-la-seu\/avis-legal\/\" target=\"_blank\" rel=\"noopener\" data-insuit-uuid=\"353acac9-b95d-41db-890e-0fe22e36e2f4\">Aviso legal<\/a><br \/>\n<a style=\"color: #ffffff;\" title=\"Protecci\u00f3 de dades\" href=\"https:\/\/www.gramenet.cat\/seu-electronica\/proteccio-de-dades\/\" target=\"_blank\" rel=\"noopener\" data-insuit-uuid=\"f42a28cb-669d-4f92-abed-89a78fb31d26\">Pol\u00edtica de protecci\u00f3n de datos<\/a><br \/>\n<a style=\"color: #ffffff;\" href=\"https:\/\/www.gramenet.cat\/seu-electronica\/accessibilitat\/\" data-insuit-uuid=\"d825170a-0959-415e-bc12-d7ce6a9bb8a2\">Accesibilidad<\/a><\/p>\n<\/div>\n<\/div>\n<div class=\"et_pb_module et_pb_text et_pb_text_9  et_pb_text_align_justified et_pb_bg_layout_light\">\n<div class=\"et_pb_text_inner\"><a style=\"color: #ffffff;\" href=\"https:\/\/salutmental.info\/\">Catal\u00e0<\/a>\u00a0<a tyle=\"color: red\"  href=\"https:\/\/salutmental.info\/es\/\">Castellano<\/a><\/div>\n<\/div>\n<p>[\/et_pb_text][\/et_pb_column][et_pb_column type=\u00bb1_3&#8243; _builder_version=\u00bb4.24.2&#8243; _module_preset=\u00bbdefault\u00bb global_colors_info=\u00bb{}\u00bb theme_builder_area=\u00bbpost_content\u00bb][et_pb_text admin_label=\u00bbTexto e-Redes sociales\u00bb _builder_version=\u00bb4.24.2&#8243; _module_preset=\u00bbdefault\u00bb global_colors_info=\u00bb{}\u00bb theme_builder_area=\u00bbpost_content\u00bb]<\/p>\n<h3 style=\"color: #ffffff;\">e-Redes sociales<\/h3>\n<p><a style=\"color: #ffffff;\" title=\"@scgramenet\" href=\"http:\/\/twitter.com\/scgramenet\" target=\"_blank\" rel=\"noopener\" data-insuit-uuid=\"b3e0d28b-dc44-4f86-8346-4e0365352a49\">Twitter\u00ae<\/a><br \/>\n<a style=\"color: #ffffff;\" title=\"Pasi\u00f3n por Santako\" href=\"https:\/\/www.facebook.com\/PasionPorSantako\/\" target=\"_blank\" rel=\"noopener\" data-insuit-uuid=\"d7d32cfb-104d-49e1-ae1d-661bf056d52f\">Facebook\u00ae<\/a><br \/>\n<a style=\"color: #ffffff;\" href=\"http:\/\/www.slideshare.net\/scgramenet\" target=\"_blank\" rel=\"noopener\" data-insuit-uuid=\"bddc3bcb-dbbc-4022-91ad-8426d5697366\">SlideShare\u00ae<\/a><br \/>\n<a style=\"color: #ffffff;\" href=\"https:\/\/www.youtube.com\/channel\/UC07JH7VJ6nw9OBnxScovrCA\" target=\"_blank\" rel=\"noopener\" data-insuit-uuid=\"77d03fce-5840-489b-9fcd-25a0abf9b0f8\">YouTube\u00ae<\/a><br \/>\n<a style=\"color: #ffffff;\" href=\"https:\/\/www.instagram.com\/pla_salut_gramenet\/\" target=\"_blank\" rel=\"noopener\" data-insuit-uuid=\"f82bba6b-dc9a-4033-9fe9-9c44fe0c6a34\">Instagram\u00ae<\/a><\/p>\n<p>[\/et_pb_text][\/et_pb_column][et_pb_column type=\u00bb1_3&#8243; _builder_version=\u00bb4.24.2&#8243; _module_preset=\u00bbdefault\u00bb global_colors_info=\u00bb{}\u00bb theme_builder_area=\u00bbpost_content\u00bb][et_pb_text admin_label=\u00bbTexto adre\u00e7a Ajuntament\u00bb _builder_version=\u00bb4.24.2&#8243; _module_preset=\u00bbdefault\u00bb global_colors_info=\u00bb{}\u00bb theme_builder_area=\u00bbpost_content\u00bb]<\/p>\n<p style=\"color: #ffffff; text-align: right;\">Ajuntament de Santa Coloma de Gramenet<br \/>Pla\u00e7a de la Vila, 1 &#8211; 08921 Santa Coloma de Gramenet &#8211; Barcelona<br \/>Tel.: 93 462 40 00<br \/>NIF: P0824500C<\/p>\n<p>[\/et_pb_text][\/et_pb_column][\/et_pb_row][\/et_pb_section]<\/p>\n","protected":false},"excerpt":{"rendered":"<p>&nbsp; Si hemos intentado prevenir que le d\u00e9 una crisis pero, a pesar de todo, no ha sido posible -no se ha podido controlar la escalada de la situaci\u00f3n-, debemos intentar transmitirle que nuestra intenci\u00f3n es ayudarlo o ayudarla . Debemos mostrarnos con respeto, utilizando un tono de voz seguro, calmado y neutral. Podemos ofrecerle [&hellip;]<\/p>\n","protected":false},"author":1,"featured_media":0,"parent":1121,"menu_order":0,"comment_status":"closed","ping_status":"closed","template":"page-template-blank.php","meta":{"_et_pb_use_builder":"on","_et_pb_old_content":"<p><img class=\"size-full wp-image-532 aligncenter\" src=\"http:\/\/salutmental.info\/wp-content\/uploads\/2016\/11\/habitacio.jpg\" alt=\"habitacio\" width=\"800\" height=\"409\" \/><\/p><p>Potser una persona propera a nosaltres comen\u00e7a a tenir problemes de salut mental. Els factors que ho desencadenin poden ser de molts tipus: des d\u2019alguna causa org\u00e0nica a dificultats amb la feina, la parella o la fam\u00edlia, no poder arribar a final de m\u00e9s, un consum problem\u00e0tic d\u2019alcohol o altres drogues, traumes del passat que tornen a sortir...<\/p><p>Podem observar-se canvis en el seu estat d\u2019\u00e0nim i veiem que alguna cosa passa i no pot portar una vida normal. O potser ens diu que t\u00e9 por perqu\u00e8 sent veus, que alguna persona vol fer-li mal quan sabem que no \u00e9s real, es tanca a casa sense sortir...<\/p><p>En aquestes situacions, les persones que som a prop sovint no sabem qu\u00e8 li est\u00e0 passant o no ho entenem. Segur que la situaci\u00f3 ens far\u00e0 por, ens fa sentir inseguretat i se\u2019ns obren mil preguntes sense resposta. Pensem que potser \u00e9s culpa nostra o qu\u00e8 si hagu\u00e9ssim fet no s\u00e9 qu\u00e8 aix\u00f2 no hagu\u00e9s passat.<\/p><p>Abans que no fer res hem d\u2019informar-nos i preparar-nos perqu\u00e8 amb la millor intenci\u00f3 del m\u00f3n, dep\u00e8n de qu\u00e8 fem no estarem ajudant.<\/p><p>En aquestes situacions el nostre paper \u2013el de la parella, la fam\u00edlia, l\u2019amiga o l\u2019amic \u00edntim\u2013 \u00e9s essencial. I no nom\u00e9s pel suport i acompanyament que li podrem donar, sin\u00f3 perqu\u00e8 l\u2019experi\u00e8ncia viscuda i la proximitat amb la persona afectada poden aportar molta informaci\u00f3 als serveis professionals per cercar el millor tractament possible.<\/p>","_et_gb_content_width":"","footnotes":""},"class_list":["post-870","page","type-page","status-publish","hentry"],"_links":{"self":[{"href":"https:\/\/salutmental.info\/es\/wp-json\/wp\/v2\/pages\/870","targetHints":{"allow":["GET"]}}],"collection":[{"href":"https:\/\/salutmental.info\/es\/wp-json\/wp\/v2\/pages"}],"about":[{"href":"https:\/\/salutmental.info\/es\/wp-json\/wp\/v2\/types\/page"}],"author":[{"embeddable":true,"href":"https:\/\/salutmental.info\/es\/wp-json\/wp\/v2\/users\/1"}],"replies":[{"embeddable":true,"href":"https:\/\/salutmental.info\/es\/wp-json\/wp\/v2\/comments?post=870"}],"version-history":[{"count":4,"href":"https:\/\/salutmental.info\/es\/wp-json\/wp\/v2\/pages\/870\/revisions"}],"predecessor-version":[{"id":6670,"href":"https:\/\/salutmental.info\/es\/wp-json\/wp\/v2\/pages\/870\/revisions\/6670"}],"up":[{"embeddable":true,"href":"https:\/\/salutmental.info\/es\/wp-json\/wp\/v2\/pages\/1121"}],"wp:attachment":[{"href":"https:\/\/salutmental.info\/es\/wp-json\/wp\/v2\/media?parent=870"}],"curies":[{"name":"wp","href":"https:\/\/api.w.org\/{rel}","templated":true}]}}

<p>[et_pb_section fb_built=»1&#8243; fullwidth=»on» custom_padding_last_edited=»on|desktop» admin_label=»Secció menú CASTELLÀ» _builder_version=»4.24.2&#8243; background_color=»#d7282e» custom_padding_tablet=»50px|0|50px|0&#8243; custom_padding_phone=»» transparent_background=»off» padding_mobile=»off» global_colors_info=»{}» theme_builder_area=»post_content»][et_pb_fullwidth_menu menu_id=»11&#8243; submenu_direction=»downwards» fullwidth_menu=»off» logo=»https://salutmental.info/wp-content/uploads/2024/02/logo_aj_negatiu-200.png» admin_label=»Menú CASTELLÀ» _builder_version=»4.24.2&#8243; background_color=»#d7282e» text_orientation=»right» background_layout=»dark» global_colors_info=»{}» theme_builder_area=»post_content»]&nbsp;<br />
[/et_pb_fullwidth_menu][/et_pb_section][et_pb_section fb_built=»1&#8243; admin_label=»section» _builder_version=»4.16&#8243; global_colors_info=»{}»][et_pb_row admin_label=»Fila» _builder_version=»4.16&#8243; background_size=»initial» background_position=»top_left» background_repeat=»repeat» global_colors_info=»{}» column_structure=»2_3,1_3&#8243;][et_pb_column type=»2_3&#8243; _builder_version=»4.16&#8243; custom_padding=»|||» global_colors_info=»{}» custom_padding__hover=»|||»][et_pb_post_title author=»off» date=»off» featured_image=»off» admin_label=»Título de publicación» _builder_version=»4.16&#8243; title_all_caps=»off» background_color=»rgba(255,255,255,0)» parallax=»on» parallax_method=»off» parallax_effect=»on» module_bg_color=»rgba(255,255,255,0)» use_border_color=»off» border_color=»#ffffff» border_style=»solid» global_colors_info=»{}»] [/et_pb_post_title][/et_pb_column][et_pb_column type=»1_3&#8243; _builder_version=»4.16&#8243; custom_padding=»|||» global_colors_info=»{}» custom_padding__hover=»|||»][/et_pb_column][/et_pb_row][et_pb_row admin_label=»Fila» _builder_version=»4.16&#8243; background_size=»initial» background_position=»top_left» background_repeat=»repeat» global_colors_info=»{}» column_structure=»1_2,1_2&#8243;][et_pb_column type=»1_2&#8243; _builder_version=»4.16&#8243; custom_padding=»|||» global_colors_info=»{}» custom_padding__hover=»|||»][et_pb_image src=»https://salutmental.info/wp-content/uploads/2016/11/OE9UJ10.jpg» align_tablet=»center» align_last_edited=»on|desktop» admin_label=»Imagen» _builder_version=»4.16&#8243; animation_style=»slide» animation_direction=»left» animation_duration=»500ms» animation_intensity_slide=»10%» use_border_color=»off» border_color=»#ffffff» border_style=»solid» animation=»left» sticky=»off» always_center_on_mobile=»on» global_colors_info=»{}» align_phone=»center»] [/et_pb_image][/et_pb_column][et_pb_column type=»1_2&#8243; _builder_version=»4.16&#8243; custom_padding=»|||» global_colors_info=»{}» custom_padding__hover=»|||»][et_pb_text admin_label=»Texto» _builder_version=»4.16&#8243; background_size=»initial» background_position=»top_left» background_repeat=»repeat» text_orientation=»left» use_border_color=»off» border_color=»#ffffff» border_style=»solid» global_colors_info=»{}»]<span id="result_box" class="" lang="es">Si hemos intentado prevenir que le dé una crisis pero, a pesar de todo, no ha sido posible -no se ha podido controlar la escalada de la situación-, debemos intentar transmitirle que nuestra <span class="">intención es</span> ayudarlo o ayudarla .</p>
<p>Debemos mostrarnos con respeto, utilizando un tono de voz seguro, calmado y neutral.</p>
<p>Podemos ofrecerle medicación de rescate si se ha pautado <span class="">anteriormente.</span> Si no es el caso y hubiera sido útil tenerla, en la próxima visita lo podemos comentar con la o el especialista para que lo valore.</p>
<p>Se pueden probar técnicas de relajación que la persona considere <span class="">de utilidad</span>, siempre en un entorno que dé seguridad y no haya demasiados <span class="">estímulos.</span></p>
<p>Debemos tener una vía de escape cerca.</p>
<p>Si la situación de crisis persiste y <span class="">puede suponer un</span> riesgo para la persona enferma o para cualquier otra, hay que avisar <span class="">a los servicios</span> <span class="">de emergencia</span> (061).</span><br />
[/et_pb_text][/et_pb_column][/et_pb_row][/et_pb_section][et_pb_section fb_built=»1&#8243; admin_label=»Secció PIE PÁGINA castellano» _builder_version=»4.24.2&#8243; _module_preset=»default» background_color=»#000000&#8243; global_colors_info=»{}» theme_builder_area=»post_content»][et_pb_row column_structure=»1_3,1_3,1_3&#8243; _builder_version=»4.24.2&#8243; _module_preset=»default» global_colors_info=»{}» theme_builder_area=»post_content»][et_pb_column type=»1_3&#8243; _builder_version=»4.24.2&#8243; _module_preset=»default» global_colors_info=»{}» theme_builder_area=»post_content»][et_pb_text _builder_version=»4.24.2&#8243; _module_preset=»default» global_colors_info=»{}» theme_builder_area=»post_content»]</p>
<div class="et_pb_module et_pb_text et_pb_text_8  et_pb_text_align_justified et_pb_bg_layout_light">
<div class="et_pb_text_inner">
<h3 style="color: #ffffff;">Acceso rápido</h3>
<p><a style="color: #ffffff;" href="https://salutmental.info/el-web-i-nosaltres/contactar/">Contacto</a><br />
<a style="color: #ffffff;" href="https://www.gramenet.cat/seu-electronica/informacio-sobre-la-seu/avis-legal/" target="_blank" rel="noopener" data-insuit-uuid="353acac9-b95d-41db-890e-0fe22e36e2f4">Aviso legal</a><br />
<a style="color: #ffffff;" title="Protecció de dades" href="https://www.gramenet.cat/seu-electronica/proteccio-de-dades/" target="_blank" rel="noopener" data-insuit-uuid="f42a28cb-669d-4f92-abed-89a78fb31d26">Política de protección de datos</a><br />
<a style="color: #ffffff;" href="https://www.gramenet.cat/seu-electronica/accessibilitat/" data-insuit-uuid="d825170a-0959-415e-bc12-d7ce6a9bb8a2">Accesibilidad</a></p>
</div>
</div>
<div class="et_pb_module et_pb_text et_pb_text_9  et_pb_text_align_justified et_pb_bg_layout_light">
<div class="et_pb_text_inner"><a style="color: #ffffff;" href="https://salutmental.info/">Català</a> <a tyle="color: red"  href="https://salutmental.info/es/">Castellano</a></div>
</div>
<p>[/et_pb_text][/et_pb_column][et_pb_column type=»1_3&#8243; _builder_version=»4.24.2&#8243; _module_preset=»default» global_colors_info=»{}» theme_builder_area=»post_content»][et_pb_text admin_label=»Texto e-Redes sociales» _builder_version=»4.24.2&#8243; _module_preset=»default» global_colors_info=»{}» theme_builder_area=»post_content»]</p>
<h3 style="color: #ffffff;">e-Redes sociales</h3>
<p><a style="color: #ffffff;" title="@scgramenet" href="http://twitter.com/scgramenet" target="_blank" rel="noopener" data-insuit-uuid="b3e0d28b-dc44-4f86-8346-4e0365352a49">Twitter®</a><br />
<a style="color: #ffffff;" title="Pasión por Santako" href="https://www.facebook.com/PasionPorSantako/" target="_blank" rel="noopener" data-insuit-uuid="d7d32cfb-104d-49e1-ae1d-661bf056d52f">Facebook®</a><br />
<a style="color: #ffffff;" href="http://www.slideshare.net/scgramenet" target="_blank" rel="noopener" data-insuit-uuid="bddc3bcb-dbbc-4022-91ad-8426d5697366">SlideShare®</a><br />
<a style="color: #ffffff;" href="https://www.youtube.com/channel/UC07JH7VJ6nw9OBnxScovrCA" target="_blank" rel="noopener" data-insuit-uuid="77d03fce-5840-489b-9fcd-25a0abf9b0f8">YouTube®</a><br />
<a style="color: #ffffff;" href="https://www.instagram.com/pla_salut_gramenet/" target="_blank" rel="noopener" data-insuit-uuid="f82bba6b-dc9a-4033-9fe9-9c44fe0c6a34">Instagram®</a></p>
<p>[/et_pb_text][/et_pb_column][et_pb_column type=»1_3&#8243; _builder_version=»4.24.2&#8243; _module_preset=»default» global_colors_info=»{}» theme_builder_area=»post_content»][et_pb_text admin_label=»Texto adreça Ajuntament» _builder_version=»4.24.2&#8243; _module_preset=»default» global_colors_info=»{}» theme_builder_area=»post_content»]</p>
<p style="color: #ffffff; text-align: right;">Ajuntament de Santa Coloma de Gramenet<br />Plaça de la Vila, 1 &#8211; 08921 Santa Coloma de Gramenet &#8211; Barcelona<br />Tel.: 93 462 40 00<br />NIF: P0824500C</p>
<p>[/et_pb_text][/et_pb_column][/et_pb_row][/et_pb_section]</p>

<p>&nbsp; Si hemos intentado prevenir que le dé una crisis pero, a pesar de todo, no ha sido posible -no se ha podido controlar la escalada de la situación-, debemos intentar transmitirle que nuestra intención es ayudarlo o ayudarla . Debemos mostrarnos con respeto, utilizando un tono de voz seguro, calmado y neutral. Podemos ofrecerle [&hellip;]</p>

<p><img class="size-full wp-image-532 aligncenter" src="http://salutmental.info/wp-content/uploads/2016/11/habitacio.jpg" alt="habitacio" width="800" height="409" /></p><p>Potser una persona propera a nosaltres comença a tenir problemes de salut mental. Els factors que ho desencadenin poden ser de molts tipus: des d’alguna causa orgànica a dificultats amb la feina, la parella o la família, no poder arribar a final de més, un consum problemàtic d’alcohol o altres drogues, traumes del passat que tornen a sortir...</p><p>Podem observar-se canvis en el seu estat d’ànim i veiem que alguna cosa passa i no pot portar una vida normal. O potser ens diu que té por perquè sent veus, que alguna persona vol fer-li mal quan sabem que no és real, es tanca a casa sense sortir...</p><p>En aquestes situacions, les persones que som a prop sovint no sabem què li està passant o no ho entenem. Segur que la situació ens farà por, ens fa sentir inseguretat i se’ns obren mil preguntes sense resposta. Pensem que potser és culpa nostra o què si haguéssim fet no sé què això no hagués passat.</p><p>Abans que no fer res hem d’informar-nos i preparar-nos perquè amb la millor intenció del món, depèn de què fem no estarem ajudant.</p><p>En aquestes situacions el nostre paper –el de la parella, la família, l’amiga o l’amic íntim– és essencial. I no només pel suport i acompanyament que li podrem donar, sinó perquè l’experiència viscuda i la proximitat amb la persona afectada poden aportar molta informació als serveis professionals per cercar el millor tractament possible.</p>
