{"id":843,"date":"2017-01-12T12:27:43","date_gmt":"2017-01-12T11:27:43","guid":{"rendered":"http:\/\/salutmental.info\/?page_id=843\/"},"modified":"2024-03-14T10:21:29","modified_gmt":"2024-03-14T09:21:29","slug":"la-web-y-nosotrosas","status":"publish","type":"page","link":"https:\/\/salutmental.info\/es\/la-web-y-nosotrosas\/","title":{"rendered":"LA WEB Y NOSOTROS\/AS"},"content":{"rendered":"<p>[et_pb_section fb_built=\u00bb1&#8243; fullwidth=\u00bbon\u00bb custom_padding_last_edited=\u00bbon|desktop\u00bb admin_label=\u00bbSecci\u00f3 men\u00fa CASTELL\u00c0\u00bb _builder_version=\u00bb4.24.2&#8243; background_color=\u00bb#d7282e\u00bb custom_padding_tablet=\u00bb50px|0|50px|0&#8243; custom_padding_phone=\u00bb\u00bb transparent_background=\u00bboff\u00bb padding_mobile=\u00bboff\u00bb global_colors_info=\u00bb{}\u00bb theme_builder_area=\u00bbpost_content\u00bb][et_pb_fullwidth_menu menu_id=\u00bb11&#8243; submenu_direction=\u00bbdownwards\u00bb fullwidth_menu=\u00bboff\u00bb logo=\u00bbhttps:\/\/salutmental.info\/wp-content\/uploads\/2024\/02\/logo_aj_negatiu-200.png\u00bb admin_label=\u00bbMen\u00fa CASTELL\u00c0\u00bb _builder_version=\u00bb4.24.2&#8243; background_color=\u00bb#d7282e\u00bb text_orientation=\u00bbright\u00bb background_layout=\u00bbdark\u00bb global_colors_info=\u00bb{}\u00bb theme_builder_area=\u00bbpost_content\u00bb]&nbsp;<br \/>\n[\/et_pb_fullwidth_menu][\/et_pb_section][et_pb_section fb_built=\u00bb1&#8243; admin_label=\u00bbsection\u00bb _builder_version=\u00bb4.16&#8243; global_colors_info=\u00bb{}\u00bb][et_pb_row admin_label=\u00bbrow\u00bb _builder_version=\u00bb4.16&#8243; background_size=\u00bbinitial\u00bb background_position=\u00bbtop_left\u00bb background_repeat=\u00bbrepeat\u00bb global_colors_info=\u00bb{}\u00bb][et_pb_column type=\u00bb4_4&#8243; _builder_version=\u00bb4.16&#8243; custom_padding=\u00bb|||\u00bb global_colors_info=\u00bb{}\u00bb custom_padding__hover=\u00bb|||\u00bb][et_pb_text admin_label=\u00bbText\u00bb _builder_version=\u00bb4.16&#8243; background_size=\u00bbinitial\u00bb background_position=\u00bbtop_left\u00bb background_repeat=\u00bbrepeat\u00bb global_colors_info=\u00bb{}\u00bb]La web <a href=\"https:\/\/salutmental.info\">https:\/\/salutmental.info<\/a> es una iniciativa de la Comisi\u00f3n comunitaria de la <a href=\"https:\/\/salutmental.info\/taula-salut-mental-i-addiccions-de-santa-coloma-de-gramenet\/\" target=\"_blank\" rel=\"noopener\"><strong>Taula de Salut mental i Addiccions de Santa Coloma de Gramenet<\/strong><\/a>.<\/p>\n<p>Est\u00e1 dirigida a las personas que tienen alg\u00fan problema de salud mental o de adicciones, las familias y la ciudadan\u00eda en general. Est\u00e1 escrita en un lenguaje cercano y coloquial, y sus objetivos son:<\/p>\n<ul>\n<li>Facilitar a personas con trastornos mentales y adicciones y a sus familiares el acceso a los diferentes recursos sanitarios y sociales de la ciudad.<\/li>\n<li>Responder posibles dudas que podemos tener ante algunas situaciones.<\/li>\n<li>Informar sobre los tratamientos ante los trastornos mentales o las adicciones.<\/li>\n<li>Favorecer la normalizaci\u00f3n social de las personas afectadas y cuestionar mitos y falsas creencias relacionados con estos temas.<\/li>\n<li>Informar de manera asequible sobre los diferentes trastornos y adicciones.<\/li>\n<li>Dar a conocer noticias interesantes sobre los dos temas.\n<p>Si deseas colaborar en sus contenidos o tienes propuestas de mejora, ponte en <strong> <a href=\"https:\/\/salutmental.info\/contactar\/\"> contacto con nosotros\/as <\/a> . <\/strong><\/li>\n<\/ul>\n<p>[\/et_pb_text][\/et_pb_column][\/et_pb_row][\/et_pb_section][et_pb_section fb_built=\u00bb1&#8243; admin_label=\u00bbSecci\u00f3 PIE P\u00c1GINA castellano\u00bb _builder_version=\u00bb4.24.2&#8243; _module_preset=\u00bbdefault\u00bb background_color=\u00bb#000000&#8243; global_colors_info=\u00bb{}\u00bb theme_builder_area=\u00bbpost_content\u00bb][et_pb_row column_structure=\u00bb1_3,1_3,1_3&#8243; _builder_version=\u00bb4.24.2&#8243; _module_preset=\u00bbdefault\u00bb global_colors_info=\u00bb{}\u00bb theme_builder_area=\u00bbpost_content\u00bb][et_pb_column type=\u00bb1_3&#8243; _builder_version=\u00bb4.24.2&#8243; _module_preset=\u00bbdefault\u00bb global_colors_info=\u00bb{}\u00bb theme_builder_area=\u00bbpost_content\u00bb][et_pb_text _builder_version=\u00bb4.24.2&#8243; _module_preset=\u00bbdefault\u00bb global_colors_info=\u00bb{}\u00bb theme_builder_area=\u00bbpost_content\u00bb]<\/p>\n<div class=\"et_pb_module et_pb_text et_pb_text_8  et_pb_text_align_justified et_pb_bg_layout_light\">\n<div class=\"et_pb_text_inner\">\n<h3 style=\"color: #ffffff;\">Acceso r\u00e1pido<\/h3>\n<p><a style=\"color: #ffffff;\" href=\"https:\/\/salutmental.info\/el-web-i-nosaltres\/contactar\/\">Contacto<\/a><br \/>\n<a style=\"color: #ffffff;\" href=\"https:\/\/www.gramenet.cat\/seu-electronica\/informacio-sobre-la-seu\/avis-legal\/\" target=\"_blank\" rel=\"noopener\" data-insuit-uuid=\"353acac9-b95d-41db-890e-0fe22e36e2f4\">Aviso legal<\/a><br \/>\n<a style=\"color: #ffffff;\" title=\"Protecci\u00f3 de dades\" href=\"https:\/\/www.gramenet.cat\/seu-electronica\/proteccio-de-dades\/\" target=\"_blank\" rel=\"noopener\" data-insuit-uuid=\"f42a28cb-669d-4f92-abed-89a78fb31d26\">Pol\u00edtica de protecci\u00f3n de datos<\/a><br \/>\n<a style=\"color: #ffffff;\" href=\"https:\/\/www.gramenet.cat\/seu-electronica\/accessibilitat\/\" data-insuit-uuid=\"d825170a-0959-415e-bc12-d7ce6a9bb8a2\">Accesibilidad<\/a><\/p>\n<\/div>\n<\/div>\n<div class=\"et_pb_module et_pb_text et_pb_text_9  et_pb_text_align_justified et_pb_bg_layout_light\">\n<div class=\"et_pb_text_inner\"><a style=\"color: #ffffff;\" href=\"https:\/\/salutmental.info\/\">Catal\u00e0<\/a>\u00a0<a tyle=\"color: red\"  href=\"https:\/\/salutmental.info\/es\/\">Castellano<\/a><\/div>\n<\/div>\n<p>[\/et_pb_text][\/et_pb_column][et_pb_column type=\u00bb1_3&#8243; _builder_version=\u00bb4.24.2&#8243; _module_preset=\u00bbdefault\u00bb global_colors_info=\u00bb{}\u00bb theme_builder_area=\u00bbpost_content\u00bb][et_pb_text admin_label=\u00bbTexto e-Redes sociales\u00bb _builder_version=\u00bb4.24.2&#8243; _module_preset=\u00bbdefault\u00bb global_colors_info=\u00bb{}\u00bb theme_builder_area=\u00bbpost_content\u00bb]<\/p>\n<h3 style=\"color: #ffffff;\">e-Redes sociales<\/h3>\n<p><a style=\"color: #ffffff;\" title=\"@scgramenet\" href=\"http:\/\/twitter.com\/scgramenet\" target=\"_blank\" rel=\"noopener\" data-insuit-uuid=\"b3e0d28b-dc44-4f86-8346-4e0365352a49\">Twitter\u00ae<\/a><br \/>\n<a style=\"color: #ffffff;\" title=\"Pasi\u00f3n por Santako\" href=\"https:\/\/www.facebook.com\/PasionPorSantako\/\" target=\"_blank\" rel=\"noopener\" data-insuit-uuid=\"d7d32cfb-104d-49e1-ae1d-661bf056d52f\">Facebook\u00ae<\/a><br \/>\n<a style=\"color: #ffffff;\" href=\"http:\/\/www.slideshare.net\/scgramenet\" target=\"_blank\" rel=\"noopener\" data-insuit-uuid=\"bddc3bcb-dbbc-4022-91ad-8426d5697366\">SlideShare\u00ae<\/a><br \/>\n<a style=\"color: #ffffff;\" href=\"https:\/\/www.youtube.com\/channel\/UC07JH7VJ6nw9OBnxScovrCA\" target=\"_blank\" rel=\"noopener\" data-insuit-uuid=\"77d03fce-5840-489b-9fcd-25a0abf9b0f8\">YouTube\u00ae<\/a><br \/>\n<a style=\"color: #ffffff;\" href=\"https:\/\/www.instagram.com\/pla_salut_gramenet\/\" target=\"_blank\" rel=\"noopener\" data-insuit-uuid=\"f82bba6b-dc9a-4033-9fe9-9c44fe0c6a34\">Instagram\u00ae<\/a><\/p>\n<p>[\/et_pb_text][\/et_pb_column][et_pb_column type=\u00bb1_3&#8243; _builder_version=\u00bb4.24.2&#8243; _module_preset=\u00bbdefault\u00bb global_colors_info=\u00bb{}\u00bb theme_builder_area=\u00bbpost_content\u00bb][et_pb_text admin_label=\u00bbTexto adre\u00e7a Ajuntament\u00bb _builder_version=\u00bb4.24.2&#8243; _module_preset=\u00bbdefault\u00bb global_colors_info=\u00bb{}\u00bb theme_builder_area=\u00bbpost_content\u00bb]<\/p>\n<p style=\"color: #ffffff; text-align: right;\">Ajuntament de Santa Coloma de Gramenet<br \/>Pla\u00e7a de la Vila, 1 &#8211; 08921 Santa Coloma de Gramenet &#8211; Barcelona<br \/>Tel.: 93 462 40 00<br \/>NIF: P0824500C<\/p>\n<p>[\/et_pb_text][\/et_pb_column][\/et_pb_row][\/et_pb_section]<\/p>\n","protected":false},"excerpt":{"rendered":"<p>&nbsp; La web https:\/\/salutmental.info es una iniciativa de la Comisi\u00f3n comunitaria de la Taula de Salut mental i Addiccions de Santa Coloma de Gramenet. Est\u00e1 dirigida a las personas que tienen alg\u00fan problema de salud mental o de adicciones, las familias y la ciudadan\u00eda en general. Est\u00e1 escrita en un lenguaje cercano y coloquial, y [&hellip;]<\/p>\n","protected":false},"author":1,"featured_media":0,"parent":0,"menu_order":32,"comment_status":"closed","ping_status":"closed","template":"page-template-blank.php","meta":{"_et_pb_use_builder":"on","_et_pb_old_content":"","_et_gb_content_width":"","footnotes":""},"class_list":["post-843","page","type-page","status-publish","hentry"],"_links":{"self":[{"href":"https:\/\/salutmental.info\/es\/wp-json\/wp\/v2\/pages\/843","targetHints":{"allow":["GET"]}}],"collection":[{"href":"https:\/\/salutmental.info\/es\/wp-json\/wp\/v2\/pages"}],"about":[{"href":"https:\/\/salutmental.info\/es\/wp-json\/wp\/v2\/types\/page"}],"author":[{"embeddable":true,"href":"https:\/\/salutmental.info\/es\/wp-json\/wp\/v2\/users\/1"}],"replies":[{"embeddable":true,"href":"https:\/\/salutmental.info\/es\/wp-json\/wp\/v2\/comments?post=843"}],"version-history":[{"count":2,"href":"https:\/\/salutmental.info\/es\/wp-json\/wp\/v2\/pages\/843\/revisions"}],"predecessor-version":[{"id":6697,"href":"https:\/\/salutmental.info\/es\/wp-json\/wp\/v2\/pages\/843\/revisions\/6697"}],"wp:attachment":[{"href":"https:\/\/salutmental.info\/es\/wp-json\/wp\/v2\/media?parent=843"}],"curies":[{"name":"wp","href":"https:\/\/api.w.org\/{rel}","templated":true}]}}

<p>[et_pb_section fb_built=»1&#8243; fullwidth=»on» custom_padding_last_edited=»on|desktop» admin_label=»Secció menú CASTELLÀ» _builder_version=»4.24.2&#8243; background_color=»#d7282e» custom_padding_tablet=»50px|0|50px|0&#8243; custom_padding_phone=»» transparent_background=»off» padding_mobile=»off» global_colors_info=»{}» theme_builder_area=»post_content»][et_pb_fullwidth_menu menu_id=»11&#8243; submenu_direction=»downwards» fullwidth_menu=»off» logo=»https://salutmental.info/wp-content/uploads/2024/02/logo_aj_negatiu-200.png» admin_label=»Menú CASTELLÀ» _builder_version=»4.24.2&#8243; background_color=»#d7282e» text_orientation=»right» background_layout=»dark» global_colors_info=»{}» theme_builder_area=»post_content»]&nbsp;<br />
[/et_pb_fullwidth_menu][/et_pb_section][et_pb_section fb_built=»1&#8243; admin_label=»section» _builder_version=»4.16&#8243; global_colors_info=»{}»][et_pb_row admin_label=»row» _builder_version=»4.16&#8243; background_size=»initial» background_position=»top_left» background_repeat=»repeat» global_colors_info=»{}»][et_pb_column type=»4_4&#8243; _builder_version=»4.16&#8243; custom_padding=»|||» global_colors_info=»{}» custom_padding__hover=»|||»][et_pb_text admin_label=»Text» _builder_version=»4.16&#8243; background_size=»initial» background_position=»top_left» background_repeat=»repeat» global_colors_info=»{}»]La web <a href="https://salutmental.info">https://salutmental.info</a> es una iniciativa de la Comisión comunitaria de la <a href="https://salutmental.info/taula-salut-mental-i-addiccions-de-santa-coloma-de-gramenet/" target="_blank" rel="noopener"><strong>Taula de Salut mental i Addiccions de Santa Coloma de Gramenet</strong></a>.</p>
<p>Está dirigida a las personas que tienen algún problema de salud mental o de adicciones, las familias y la ciudadanía en general. Está escrita en un lenguaje cercano y coloquial, y sus objetivos son:</p>
<ul>
<li>Facilitar a personas con trastornos mentales y adicciones y a sus familiares el acceso a los diferentes recursos sanitarios y sociales de la ciudad.</li>
<li>Responder posibles dudas que podemos tener ante algunas situaciones.</li>
<li>Informar sobre los tratamientos ante los trastornos mentales o las adicciones.</li>
<li>Favorecer la normalización social de las personas afectadas y cuestionar mitos y falsas creencias relacionados con estos temas.</li>
<li>Informar de manera asequible sobre los diferentes trastornos y adicciones.</li>
<li>Dar a conocer noticias interesantes sobre los dos temas.
<p>Si deseas colaborar en sus contenidos o tienes propuestas de mejora, ponte en <strong> <a href="https://salutmental.info/contactar/"> contacto con nosotros/as </a> . </strong></li>
</ul>
<p>[/et_pb_text][/et_pb_column][/et_pb_row][/et_pb_section][et_pb_section fb_built=»1&#8243; admin_label=»Secció PIE PÁGINA castellano» _builder_version=»4.24.2&#8243; _module_preset=»default» background_color=»#000000&#8243; global_colors_info=»{}» theme_builder_area=»post_content»][et_pb_row column_structure=»1_3,1_3,1_3&#8243; _builder_version=»4.24.2&#8243; _module_preset=»default» global_colors_info=»{}» theme_builder_area=»post_content»][et_pb_column type=»1_3&#8243; _builder_version=»4.24.2&#8243; _module_preset=»default» global_colors_info=»{}» theme_builder_area=»post_content»][et_pb_text _builder_version=»4.24.2&#8243; _module_preset=»default» global_colors_info=»{}» theme_builder_area=»post_content»]</p>
<div class="et_pb_module et_pb_text et_pb_text_8  et_pb_text_align_justified et_pb_bg_layout_light">
<div class="et_pb_text_inner">
<h3 style="color: #ffffff;">Acceso rápido</h3>
<p><a style="color: #ffffff;" href="https://salutmental.info/el-web-i-nosaltres/contactar/">Contacto</a><br />
<a style="color: #ffffff;" href="https://www.gramenet.cat/seu-electronica/informacio-sobre-la-seu/avis-legal/" target="_blank" rel="noopener" data-insuit-uuid="353acac9-b95d-41db-890e-0fe22e36e2f4">Aviso legal</a><br />
<a style="color: #ffffff;" title="Protecció de dades" href="https://www.gramenet.cat/seu-electronica/proteccio-de-dades/" target="_blank" rel="noopener" data-insuit-uuid="f42a28cb-669d-4f92-abed-89a78fb31d26">Política de protección de datos</a><br />
<a style="color: #ffffff;" href="https://www.gramenet.cat/seu-electronica/accessibilitat/" data-insuit-uuid="d825170a-0959-415e-bc12-d7ce6a9bb8a2">Accesibilidad</a></p>
</div>
</div>
<div class="et_pb_module et_pb_text et_pb_text_9  et_pb_text_align_justified et_pb_bg_layout_light">
<div class="et_pb_text_inner"><a style="color: #ffffff;" href="https://salutmental.info/">Català</a> <a tyle="color: red"  href="https://salutmental.info/es/">Castellano</a></div>
</div>
<p>[/et_pb_text][/et_pb_column][et_pb_column type=»1_3&#8243; _builder_version=»4.24.2&#8243; _module_preset=»default» global_colors_info=»{}» theme_builder_area=»post_content»][et_pb_text admin_label=»Texto e-Redes sociales» _builder_version=»4.24.2&#8243; _module_preset=»default» global_colors_info=»{}» theme_builder_area=»post_content»]</p>
<h3 style="color: #ffffff;">e-Redes sociales</h3>
<p><a style="color: #ffffff;" title="@scgramenet" href="http://twitter.com/scgramenet" target="_blank" rel="noopener" data-insuit-uuid="b3e0d28b-dc44-4f86-8346-4e0365352a49">Twitter®</a><br />
<a style="color: #ffffff;" title="Pasión por Santako" href="https://www.facebook.com/PasionPorSantako/" target="_blank" rel="noopener" data-insuit-uuid="d7d32cfb-104d-49e1-ae1d-661bf056d52f">Facebook®</a><br />
<a style="color: #ffffff;" href="http://www.slideshare.net/scgramenet" target="_blank" rel="noopener" data-insuit-uuid="bddc3bcb-dbbc-4022-91ad-8426d5697366">SlideShare®</a><br />
<a style="color: #ffffff;" href="https://www.youtube.com/channel/UC07JH7VJ6nw9OBnxScovrCA" target="_blank" rel="noopener" data-insuit-uuid="77d03fce-5840-489b-9fcd-25a0abf9b0f8">YouTube®</a><br />
<a style="color: #ffffff;" href="https://www.instagram.com/pla_salut_gramenet/" target="_blank" rel="noopener" data-insuit-uuid="f82bba6b-dc9a-4033-9fe9-9c44fe0c6a34">Instagram®</a></p>
<p>[/et_pb_text][/et_pb_column][et_pb_column type=»1_3&#8243; _builder_version=»4.24.2&#8243; _module_preset=»default» global_colors_info=»{}» theme_builder_area=»post_content»][et_pb_text admin_label=»Texto adreça Ajuntament» _builder_version=»4.24.2&#8243; _module_preset=»default» global_colors_info=»{}» theme_builder_area=»post_content»]</p>
<p style="color: #ffffff; text-align: right;">Ajuntament de Santa Coloma de Gramenet<br />Plaça de la Vila, 1 &#8211; 08921 Santa Coloma de Gramenet &#8211; Barcelona<br />Tel.: 93 462 40 00<br />NIF: P0824500C</p>
<p>[/et_pb_text][/et_pb_column][/et_pb_row][/et_pb_section]</p>

<p>&nbsp; La web https://salutmental.info es una iniciativa de la Comisión comunitaria de la Taula de Salut mental i Addiccions de Santa Coloma de Gramenet. Está dirigida a las personas que tienen algún problema de salud mental o de adicciones, las familias y la ciudadanía en general. Está escrita en un lenguaje cercano y coloquial, y [&hellip;]</p>
